
What is the highest common divisor of 5593 and 8225?
329
Calculate the highest common factor of 92 and 243524.
92
What is the greatest common factor of 15 and 542790?
15
What is the greatest common factor of 114737 and 518?
259
What is the greatest common divisor of 810 and 110?
10
Calculate the greatest common divisor of 1684 and 354482.
842
What is the highest common factor of 38458 and 98490?
938
What is the highest common divisor of 35 and 2833705?
35
Calculate the highest common factor of 81949 and 529.
23
Calculate the highest common divisor of 81 and 821421.
81
Calculate the greatest common factor of 222110 and 1596.
266
Calculate the greatest common factor of 1136 and 3337.
71
Calculate the highest common factor of 3999 and 13578.
93
Calculate the greatest common divisor of 237744 and 117.
117
What is the greatest common divisor of 426228 and 132?
132
Calculate the highest common divisor of 557225 and 719.
719
Calculate the greatest common divisor of 36992 and 9112.
136
What is the greatest common factor of 380731 and 130?
13
What is the highest common factor of 68248 and 2584?
152
Calculate the highest common factor of 3091 and 28943.
281
What is the greatest common divisor of 495 and 10715?
5
What is the greatest common divisor of 805 and 9821?
161
What is the highest common divisor of 44 and 2302?
2
What is the highest common factor of 4137 and 9933?
21
Calculate the highest common divisor of 790 and 114.
2
Calculate the greatest common divisor of 784192 and 176.
16
What is the greatest common factor of 84 and 803424?
12
Calculate the greatest common factor of 245 and 80.
5
Calculate the greatest common divisor of 472 and 21948.
236
Calculate the highest common divisor of 1717 and 1649.
17
What is the highest common factor of 1689472 and 201?
67
What is the highest common divisor of 38590 and 17170?
170
What is the highest common factor of 371 and 683594?
53
Calculate the greatest common factor of 180180 and 168.
84
What is the greatest common factor of 110 and 44572?
22
What is the greatest common divisor of 412029 and 306?
153
Calculate the highest common factor of 4630 and 7210.
10
Calculate the greatest common divisor of 5 and 284004.
1
Calculate the greatest common divisor of 864 and 18528.
96
What is the highest common factor of 378 and 62496?
126
Calculate the highest common divisor of 42024 and 1296.
24
What is the greatest common divisor of 88 and 2167220?
44
Calculate the greatest common divisor of 3368 and 3789.
421
What is the highest common divisor of 41194 and 5504?
86
Calculate the greatest common factor of 478894 and 226.
226
Calculate the greatest common factor of 4097 and 34.
17
Calculate the greatest common factor of 4 and 32364.
4
Calculate the greatest common divisor of 1460 and 220.
20
What is the greatest common divisor of 1830856 and 2096?
1048
Calculate the highest common factor of 6 and 40828.
2
Calculate the highest common factor of 92 and 395393.
23
What is the highest common factor of 26624 and 15808?
832
Calculate the greatest common factor of 5844 and 264.
12
Calculate the highest common factor of 21989754 and 18.
18
Calculate the highest common factor of 939515 and 820.
205
Calculate the highest common factor of 378 and 432972.
54
What is the highest common factor of 216 and 8370?
54
Calculate the greatest common divisor of 34347 and 21186.
321
What is the greatest common factor of 2223 and 152247?
57
Calculate the greatest common factor of 149716 and 84.
28
What is the greatest common factor of 822 and 3562?
274
What is the highest common divisor of 8 and 25476?
4
Calculate the greatest common divisor of 84 and 38376.
12
What is the greatest common factor of 13578 and 1054?
62
Calculate the highest common divisor of 18989 and 136.
17
Calculate the greatest common factor of 434 and 577654.
434
Calculate the greatest common factor of 2231522 and 51.
17
Calculate the highest common factor of 92953 and 2401.
343
What is the greatest common divisor of 169 and 72449?
13
What is the highest common divisor of 1512 and 14796?
108
What is the highest common factor of 114494 and 19?
19
What is the greatest common factor of 257740 and 25?
5
Calculate the greatest common divisor of 871 and 114140.
13
Calculate the highest common divisor of 41 and 2460.
41
What is the highest common divisor of 35360 and 3910?
170
Calculate the highest common divisor of 216 and 6588.
108
What is the highest common divisor of 160145 and 40?
5
Calculate the greatest common factor of 12 and 211164.
12
Calculate the greatest common factor of 154 and 6566.
14
Calculate the greatest common factor of 38148 and 30668.
748
Calculate the greatest common divisor of 103 and 64272.
103
Calculate the highest common factor of 43486 and 493.
17
Calculate the greatest common divisor of 40306 and 4046.
14
What is the highest common factor of 143 and 19668?
11
Calculate the highest common divisor of 1648563 and 203.
203
Calculate the greatest common divisor of 2362756 and 44.
44
What is the greatest common factor of 42809 and 689?
13
What is the greatest common factor of 51 and 911914?
17
Calculate the greatest common divisor of 754 and 5568.
58
Calculate the highest common factor of 2196 and 1277340.
732
Calculate the greatest common divisor of 109 and 143771.
109
What is the highest common divisor of 660 and 73460?
20
What is the highest common factor of 102 and 318240?
102
Calculate the greatest common divisor of 727 and 18175.
727
Calculate the highest common divisor of 615 and 39540.
15
Calculate the greatest common factor of 303 and 3953847.
303
What is the highest common factor of 33072 and 4770?
318
Calculate the greatest common factor of 8442 and 18894.
402
What is the greatest common divisor of 2291622 and 6?
6
What is the highest common divisor of 125 and 78550?
25
What is the highest common divisor of 311 and 6335381?
311
What is the highest common divisor of 25 and 178675?
25
Calculate the greatest common factor of 7456 and 46134.
466
Calculate the greatest common factor of 375 and 760575.
75
What is the highest common divisor of 18480 and 3024?
336
Calculate the greatest common divisor of 10786 and 2.
2
What is the greatest common factor of 2484 and 10908?
108
What is the highest common factor of 126202 and 178?
178
Calculate the highest common divisor of 7565 and 680.
85
What is the greatest common divisor of 2056 and 5232?
8
Calculate the highest common divisor of 473776 and 16.
16
What is the greatest common factor of 51578 and 1681?
41
Calculate the highest common divisor of 2025 and 1440.
45
What is the greatest common divisor of 135 and 1705833?
27
Calculate the highest common divisor of 6 and 26820.
6
Calculate the highest common divisor of 255167 and 121.
11
Calculate the highest common divisor of 143 and 255827.
143
Calculate the greatest common factor of 285714 and 370.
74
What is the highest common factor of 81760 and 896?
224
Calculate the highest common factor of 66 and 49104.
66
Calculate the highest common factor of 503319 and 34.
17
Calculate the greatest common divisor of 59 and 2617.
1
Calculate the greatest common factor of 462 and 257334.
462
Calculate the highest common divisor of 6332 and 48.
4
Calculate the highest common divisor of 128 and 13136.
16
What is the highest common divisor of 1232 and 46144?
112
What is the greatest common divisor of 4466 and 4004?
154
What is the greatest common factor of 497 and 1183?
7
Calculate the greatest common factor of 401538 and 6.
6
Calculate the greatest common factor of 2170 and 18662.
434
Calculate the highest common divisor of 6312 and 24.
24
What is the highest common factor of 1056 and 2184960?
96
Calculate the highest common factor of 27404 and 612.
68
Calculate the greatest common factor of 110 and 78408.
22
Calculate the highest common divisor of 1833 and 2021.
47
Calculate the greatest common factor of 791 and 31414.
113
Calculate the greatest common divisor of 63 and 2516481.
9
Calculate the highest common factor of 27 and 21069.
9
Calculate the highest common factor of 217088 and 212.
212
Calculate the greatest common divisor of 7372 and 8.
4
Calculate the greatest common factor of 3306 and 12084.
114
Calculate the highest common factor of 1452 and 2088.
12